{"id":4222,"date":"2015-06-08T15:44:00","date_gmt":"2015-06-08T14:44:00","guid":{"rendered":"https:\/\/toutunq.cluster031.hosting.ovh.net\/hotel-du-midi-saint-genes\/?page_id=4222"},"modified":"2025-02-20T18:59:18","modified_gmt":"2025-02-20T17:59:18","slug":"tarifs","status":"publish","type":"page","link":"https:\/\/auberge-hotel-saint-genes.fr\/?page_id=4222","title":{"rendered":"Tarifs"},"content":{"rendered":"<table class=\"style-1\">\n<tbody>\n<tr>\n<th>Services<\/th>\n<th>Tarifs<\/th>\n<\/tr>\n<tr>\n<td>Chambre 2 personnes<\/td>\n<td>58\u20ac la nuit<\/td>\n<\/tr>\n<tr>\n<td>Chambre 3 personnes<\/td>\n<td>65 \u20ac la nuit<\/td>\n<\/tr>\n<tr>\n<td>Demi-pension<\/td>\n<td>70 \u20ac \/ personne<\/td>\n<\/tr>\n<tr>\n<td>Pension compl\u00e8te<\/td>\n<td>80 \u20ac \/ personne<\/td>\n<\/tr>\n<tr>\n<td>Soir\u00e9e \u00e9tape : Le d\u00eener, la nuit et le petit d\u00e9jeuner<\/td>\n<td>\u00a070 \u20ac \/ personne<\/td>\n<\/tr>\n<tr>\n<td>Petit d\u00e9jeuner<\/td>\n<td>10 \u20ac \/ personne<\/td>\n<\/tr>\n<\/tbody>\n<\/table>\n","protected":false},"excerpt":{"rendered":"<p>Services Tarifs Chambre 2 personnes 58\u20ac la nuit Chambre 3 personnes 65 \u20ac la nuit Demi-pension 70 \u20ac \/ personne Pension compl\u00e8te 80 \u20ac \/ personne Soir\u00e9e \u00e9tape : Le d\u00eener, la nuit et le petit d\u00e9jeuner \u00a070 \u20ac \/ personne Petit d\u00e9jeuner 10 \u20ac \/ personne<\/p>\n","protected":false},"author":1,"featured_media":0,"parent":0,"menu_order":0,"comment_status":"closed","ping_status":"open","template":"","meta":{"footnotes":""},"class_list":["post-4222","page","type-page","status-publish","hentry"],"_links":{"self":[{"href":"https:\/\/auberge-hotel-saint-genes.fr\/index.php?rest_route=\/wp\/v2\/pages\/4222","targetHints":{"allow":["GET"]}}],"collection":[{"href":"https:\/\/auberge-hotel-saint-genes.fr\/index.php?rest_route=\/wp\/v2\/pages"}],"about":[{"href":"https:\/\/auberge-hotel-saint-genes.fr\/index.php?rest_route=\/wp\/v2\/types\/page"}],"author":[{"embeddable":true,"href":"https:\/\/auberge-hotel-saint-genes.fr\/index.php?rest_route=\/wp\/v2\/users\/1"}],"replies":[{"embeddable":true,"href":"https:\/\/auberge-hotel-saint-genes.fr\/index.php?rest_route=%2Fwp%2Fv2%2Fcomments&post=4222"}],"version-history":[{"count":31,"href":"https:\/\/auberge-hotel-saint-genes.fr\/index.php?rest_route=\/wp\/v2\/pages\/4222\/revisions"}],"predecessor-version":[{"id":4565,"href":"https:\/\/auberge-hotel-saint-genes.fr\/index.php?rest_route=\/wp\/v2\/pages\/4222\/revisions\/4565"}],"wp:attachment":[{"href":"https:\/\/auberge-hotel-saint-genes.fr\/index.php?rest_route=%2Fwp%2Fv2%2Fmedia&parent=4222"}],"curies":[{"name":"wp","href":"https:\/\/api.w.org\/{rel}","templated":true}]}}